(s) = s**2 + 3*s + 6. Let g be u(-5). Suppose -3*l = l - g. Suppose c = -l*c + 275. Is c a composite number?
True
Suppose v - 20 = -3. Is 1*v*12 + -1 a prime number?
False
Let h(c) = -24*c**3 + 10*c**2 + 11*c + 5. Is h(-4) composite?
False
Let g(a) = -a + 127. Suppose 0 = 5*h - h. Is g(h) composite?
False
Let g(w) be the third derivative of w**6/120 - w**5/15 + w**4/12 - 5*w**2. Is g(7) a composite number?
True
Suppose 0*l - l = -9. Suppose 235 = 10*i - l*i. Is i composite?
True
Suppose -s + 1558 = 4*z - 0*s, 3*z + 3*s - 1173 = 0. Is z composite?
False
Let x(l) = 5*l**3 - 9*l**2 + 3*l - 4. Is x(5) composite?
True
Let j = 34 + -24. Let b = 6 - j. Is 1275/27 - b/(-18) a composite number?
False
Let l be -12 + -37 - (2 + 0). Is ((-40)/12)/(2/l) composite?
True
Let n = 83 - 50. Suppose q + 28 = 2*h, 3*q + 1 = -4*h - n. Is (-984)/q + 2/6 a prime number?
False
Let y(w) = 52*w - 4. Let k(v) = -130*v + 10. Let j(x) = 5*k(x) + 12*y(x). Let c be j(-9). Suppose -g = 3*g - c. Is g a prime number?
True
Is 2815/25*(4 + 1) a composite number?
False
Let d = 43 + 44. Let t = d + 0. Is t a composite number?
True
Let s = 307 - 198. Let v = s - 16. Is v prime?
False
Suppose 4*s + 4*w - 2252 = 0, -4*s + 2248 = -0*w + 3*w. Is s prime?
False
Let k be 136 + 3/((-6)/4). Suppose -111 - 69 = 4*z. Let a = z + k. Is a a prime number?
True
Is 4/18 + (-39613)/(-63) prime?
False
Let p(r) = -3*r - 1. Let t be p(-1). Suppose -y - t + 33 = 0. Is y prime?
True
Suppose 4*m = 2*c + 6, 3*c + 2 + 7 = 5*m. Suppose m = 3*w - 0*w - 549. Let h = w - 96. Is h a prime number?
False
Let l = -60 - -40. Is (-2988)/l + 2/(-5) a prime number?
True
Let c = -2796 + 4355. Is c composite?
False
Let v = -383 - -962. Is v a prime number?
False
Let q(g) = -355*g + 93. Is q(-8) prime?
False
Suppose 2*k = -k. Let f(l) = -l**3 + l**2 - 3. Let n be f(k). Let a(s) = -6*s + 1. Is a(n) composite?
False
Suppose 3*t - s - 3485 = 0, -t + 2*s - 1171 = -2*t. Is t composite?
False
Let q be 5*(1 - 27/15). Let t(y) = -1 + 5 + y - 1 + y**2. Is t(q) a composite number?
True
Let l(o) = o - 4. Suppose 0 = -3*z + 12 + 15. Suppose -1 = -r + z. Is l(r) composite?
True
Let b(y) = 173*y**2 - y + 5. Is b(3) a composite number?
False
Let t(q) = 45*q**2 - 6*q + 41. Is t(4) a composite number?
True
Suppose -18 = 3*c - 3. Let a = c + 5. Suppose 0 = -t - 1, a*g - 5*g + 264 = t. Is g prime?
True
Let s be (-5 - -11)/(6/4). Suppose s*x - 20 = 2*x. Let g = -7 + x. Is g prime?
True
Let a(z) = 15*z**2 - 6*z - 5. Is a(-6) composite?
False
Suppose 0 = -4*z - 2*v - 80, -5*z + 16 = -3*v + 116. Let i = z - -75. Is i composite?
True
Let i(p) = p + 3. Let x = -5 + 2. Let q be i(x). Suppose w = 3, q = -t + 4*t - 2*w - 24. Is t a prime number?
False
Let q = 7180 - 2103. Is q a prime number?
True
Suppose -3074 - 9155 = -7*v. Is v a composite number?
False
Suppose 0 = i - 3*i. Suppose i = 2*s - 3*s + 211. Is s a prime number?
True
Let j = 562 - 258. Suppose 4*w - k = j, -2*w - 2*k = -3*k - 150. Is w a prime number?
False
Suppose -4*o = t - 6, 0 = 5*t - 2*o - 21 - 9. Suppose -95 - 223 = -t*a. Is a a prime number?
True
Let c = 324 - 191. Is c prime?
False
Suppose 5*l + 10 = -j, -5*l + 4*l = 5*j + 2. Suppose -m = 2, j*c + c = 5*m + 303. Is c a prime number?
True
Let b be -2 + 2 + 0 + 35. Let u = 1 - 1. Suppose d = -u*d + b. Is d a prime number?
False
Let b(r) = 3*r + 15. Let a be 1/(-2)*4/(-1). Let t(j) = -5*j - 31. Let g(m) = a*t(m) + 5*b(m). Is g(9) a composite number?
True
Suppose 5*d = 4*g + 62, 2*d + 0*g + 5*g = 5. Suppose -5*j + 4 = -x - d*j, -4*x = -j - 26. Is x a composite number?
True
Let m(y) = 25*y**2 + 7*y - 1. Is m(-4) a composite number?
True
Let h(m) = m**3 - 6*m**2 + 2*m - 9. Let q be h(6). Suppose 6*x + 18 = q*x. Let j(p) = p**3 + 7*p**2 + 3*p + 4. Is j(x) a composite number?
True
Suppose q + q = -6. Is 22 + 8/4 + q prime?
False
Let w be (-2100)/(-9) + 5/(-15). Suppose -q + w = 48. Is q prime?
False
Let i be (-7)/(14/(-156)) - -3. Let j be 6*(1 - 6/9). Suppose 4*u + 0*n - n = i, -j*n = 2*u - 48. Is u prime?
False
Suppose -v = -2*v - 2*s + 87, s + 75 = v. Is v a composite number?
False
Let j be ((-16)/(-14))/(4/14). Suppose -r = -j*r + 93. Is r a prime number?
True
Let s be (-1 - 22)*6/(-6). Suppose 17 = 4*c - m - 0, 0 = -5*c + 3*m + s. Let n = 85 + c. Is n prime?
True
Let f(w) = 6*w**2 - 5*w - 17. Is f(10) a composite number?
True
Let l(a) = a**3 - 11*a**2 + 9*a + 10. Let u be l(10). Let b(v) = 2*v**2 + 0*v + u*v + 0*v**2 + 5. Is b(5) a composite number?
True
Is 2*((-425)/(-10) + 4 + -2) composite?
False
Let a(l) be the first derivative of 10*l**3/3 + 2*l**2 - l + 1. Suppose 14 = -4*o + 2. Is a(o) prime?
False
Let m(a) = -2*a**3 + a**2 - 5*a - 1. Let c be m(-4). Let p = -78 + c. Is p a prime number?
False
Let t = 9 - 6. Suppose -w - 4 = 0, 5*g + t*w = 2*w + 31. Is g a prime number?
True
Let w(m) = -m**2 + 11*m - 8. Let c be w(10). Let k be -1*(19 - -1 - c). Is (-590)/(-18) + (-4)/k a prime number?
False
Let x(s) = 4*s**2 - 3*s + 18. Is x(-7) a composite number?
True
Let c = 120 - 169. Let i = 18 - c. Is i composite?
False
Suppose -2*u - 4*o = -0*u - 3110, -4*u - 4*o = -6228. Is u a prime number?
True
Let u(k) = k**2 - k + 26. Let z be u(0). Suppose r + z = 3*r. Is r a prime number?
True
Let s be 1/((-1 - -2)/2). Suppose z - s*g = -g + 105, 2*g - 553 = -5*z. Is z a prime number?
True
Let k(i) = -20*i**3 - 3*i**2 + 1. Is k(-2) a composite number?
False
Let b(k) = 27*k**2 - 10*k + 6. Is b(5) prime?
True
Let v be 2/(-2)*(-4 - -3). Is 1/v + (-96)/(-3) a composite number?
True
Suppose -3*k + 2*k = -3. Suppose 4*i - 156 - 188 = k*p, p = 0. Is i a composite number?
True
Let m = -1 + 5. Suppose 25 = m*z - 59. Is z composite?
True
Suppose -105 = -2*f + 3*p + 250, 3*f - 4*p = 533. Is f a prime number?
True
Is (-4)/14 + (-17172)/(-28) composite?
False
Let h be (-69)/9 + (-2)/6. Let g = h - -8. Suppose 2*k + k - 63 = g. Is k a composite number?
True
Let b = -458 + 775. Is b composite?
False
Suppose 36 = -4*q - 24. Let b = q - -322. Is b composite?
False
Let l(g) = -g + 6. Let h(z) = z**3 - 5*z**2 - 8*z + 4. Let j be h(6). Is l(j) composite?
True
Suppose -4*n + 6 = 5*r, 3*n = -2*n - 5. Suppose -r*a = a - 33. Is a a prime number?
True
Let s = 4 - 6. Let v(c) = 13*c**2 + 4*c + 3. Is v(s) a prime number?
True
Suppose 0 = -r - 4*w + 6225, w - 31134 = -4*r - 6174. Is r a prime number?
False
Let t(b) = 16*b**2 + 3*b - 1. Let j(q) = q**3 - 6*q**2 + 2. Let v(n) = 2*n - 8. Let s be v(7). Let x be j(s). Is t(x) a composite number?
True
Suppose 2 + 5 = -j. Is (-2)/j - 7758/(-42) a prime number?
False
Is (-626)/(-4) + (-1)/(-2) a prime number?
True
Suppose 2*o = u + 18, 3*o + 5*u = 2*o - 13. Let h(z) = z**2 + 8*z - 8. Is h(o) a prime number?
True
Suppose 5*s - 3*b - 17 = 7*s, 0 = -4*s - b - 9. Let c be s + (38 - (6 - 3)). Is (c + (-2 - -2))/1 composite?
True
Suppose 0 = -3*b + 2*t + 26, -46 = -5*b + t + 3*t. Suppose -b*k = -763 - 299. Is k a prime number?
False
Let z = 47 + -33. Is z a composite number?
True
Let a be 159/(2*(-2)/(-4)). Suppose -4*d = d - 10. Suppose w = -d*w + a. Is w prime?
True
Let i(h) = -14*h**2 + 14*h + 2. Let p be i(6). Let m = 605 + p. Is m a composite number?
True
Let z be (6 + -1)/(1/7). Let r = z + -17. Is 554/r + 6/27 composite?
False
Let c = -368 - -254. Is c/(-12)*(27 - 1) a prime number?
False
Let h = 417 - 86. Is h prime?
True
Let c be (-2 - (-1 - 0))*5. Let j = -6 - c. Let i(r) = 36*r**2 - 1. Is i(j) a prime number?
False
Let s(c) = c + 8. Let f be s(-6). Let k be 57/(-15) + f/(-10). Is (-150)/k + (-1)/2 prime?
True
Let t be (-3)/9*-3 + 731. Let w = -475 + t. Is w composite?
False
Suppose -4*r + t - 2*t + 11 = 0, -2*r + 4*t = 8. Suppose -y + 3 = -r. Is 18 + -1 + (y - 3) composite?
False
Let n(y) = -6*y + 0*y - 2*y**2 + 6 + y**2. Is n(-5) composite?
False
Let q = 5 + -2. Suppose -700 = -5*d - 5*l, -3*d + l - q*l = -419. Suppose -w - d = -2*p, -3*p = -7*p + 5*w + 281. Is p composite?
True
Let h(c) = -c**3 + 8*c**2 - 6*c. Let t be h(6). Suppose 7*s - 3*s = 4*l + t, -15 = -3*s - l. Is (-3099)/(-27) + s/27 prime?
False
Suppose 4*a - 7*a - 210 = 0. Let y = -33 - a. Is y a composite number?
False
Suppose 0 = -5*r - 0*f - 3*f + 4, -2*f = r + 2. Suppose w = 5 - r. Is (-1)/(w/((-78)/2)) composite?
False
Suppose -3*w - 2*b = -15, 2*